{"id":274,"date":"2020-01-15T07:14:06","date_gmt":"2020-01-15T07:14:06","guid":{"rendered":"https:\/\/neue-w\u00e4hler.info\/?page_id=274"},"modified":"2020-02-05T15:54:29","modified_gmt":"2020-02-05T15:54:29","slug":"ueber-uns","status":"publish","type":"page","link":"https:\/\/nw-gemeinschaft.de\/?page_id=274","title":{"rendered":"\u00dcber uns"},"content":{"rendered":"\t\t<div data-elementor-type=\"wp-post\" data-elementor-id=\"274\" class=\"elementor elementor-274\" data-elementor-post-type=\"page\">\n\t\t\t\t\t\t<section class=\"elementor-section elementor-top-section elementor-element elementor-element-fb5daa1 elementor-section-height-full elementor-section-boxed elementor-section-height-default elementor-section-items-middle\" data-id=\"fb5daa1\" data-element_type=\"section\" data-settings=\"{&quot;background_background&quot;:&quot;classic&quot;}\">\n\t\t\t\t\t\t\t<div class=\"elementor-background-overlay\"><\/div>\n\t\t\t\t\t\t\t<div class=\"elementor-container elementor-column-gap-default\">\n\t\t\t\t\t<div class=\"elementor-column elementor-col-100 elementor-top-column elementor-element elementor-element-b1785e6\" data-id=\"b1785e6\" data-element_type=\"column\">\n\t\t\t<div class=\"elementor-widget-wrap elementor-element-populated\">\n\t\t\t\t\t\t<div class=\"elementor-element elementor-element-503bded elementor-widget elementor-widget-heading\" data-id=\"503bded\" data-element_type=\"widget\" data-widget_type=\"heading.default\">\n\t\t\t\t<div class=\"elementor-widget-container\">\n\t\t\t\t\t<h2 class=\"elementor-heading-title elementor-size-default\">Wissenswertes<\/h2>\t\t\t\t<\/div>\n\t\t\t\t<\/div>\n\t\t\t\t<div class=\"elementor-element elementor-element-0e3e5ee elementor-widget elementor-widget-attesa-extra-divider\" data-id=\"0e3e5ee\" data-element_type=\"widget\" data-widget_type=\"attesa-extra-divider.default\">\n\t\t\t\t<div class=\"elementor-widget-container\">\n\t\t\t\t\t\t\t<div class=\"attesa-extra-divider-wrap position_center\">\r\n\t\t\t<div class=\"attesa-extra-divider attesa-divider-before\"><\/div>\r\n\t\t\t\t\t\t\t<div class=\"attesa-divider-middle\"><i class=\"fa fa-child\"><\/i><\/div>\r\n\t\t\t\t\t\t<div class=\"attesa-extra-divider attesa-divider-after\"><\/div>\r\n\t\t<\/div>\r\n\t\t\t\t\t\t<\/div>\n\t\t\t\t<\/div>\n\t\t\t\t<div class=\"elementor-element elementor-element-76667a0 elementor-widget elementor-widget-heading\" data-id=\"76667a0\" data-element_type=\"widget\" data-widget_type=\"heading.default\">\n\t\t\t\t<div class=\"elementor-widget-container\">\n\t\t\t\t\t<h2 class=\"elementor-heading-title elementor-size-default\">Geschichte der NWG<\/h2>\t\t\t\t<\/div>\n\t\t\t\t<\/div>\n\t\t\t\t<div class=\"elementor-element elementor-element-90e1064 elementor-widget elementor-widget-image\" data-id=\"90e1064\" data-element_type=\"widget\" data-widget_type=\"image.default\">\n\t\t\t\t<div class=\"elementor-widget-container\">\n\t\t\t\t\t\t\t\t\t\t\t\t\t\t\t<img fetchpriority=\"high\" decoding=\"async\" width=\"300\" height=\"187\" src=\"https:\/\/nw-gemeinschaft.de\/wp-content\/uploads\/2020\/02\/nwg-organg-ts2-300x187.png\" class=\"elementor-animation-float attachment-medium size-medium wp-image-334\" alt=\"\" srcset=\"https:\/\/nw-gemeinschaft.de\/wp-content\/uploads\/2020\/02\/nwg-organg-ts2-300x187.png 300w, https:\/\/nw-gemeinschaft.de\/wp-content\/uploads\/2020\/02\/nwg-organg-ts2.png 371w\" sizes=\"(max-width: 300px) 100vw, 300px\" \/>\t\t\t\t\t\t\t\t\t\t\t\t\t\t\t<\/div>\n\t\t\t\t<\/div>\n\t\t\t\t\t<\/div>\n\t\t<\/div>\n\t\t\t\t\t<\/div>\n\t\t<\/section>\n\t\t\t\t<section class=\"elementor-section elementor-top-section elementor-element elementor-element-4af146b elementor-section-boxed elementor-section-height-default elementor-section-height-default\" data-id=\"4af146b\" data-element_type=\"section\">\n\t\t\t\t\t\t<div class=\"elementor-container elementor-column-gap-default\">\n\t\t\t\t\t<div class=\"elementor-column elementor-col-50 elementor-top-column elementor-element elementor-element-fe71b74\" data-id=\"fe71b74\" data-element_type=\"column\">\n\t\t\t<div class=\"elementor-widget-wrap elementor-element-populated\">\n\t\t\t\t\t\t<div class=\"elementor-element elementor-element-684dd28 elementor-view-default elementor-widget elementor-widget-icon\" data-id=\"684dd28\" data-element_type=\"widget\" data-widget_type=\"icon.default\">\n\t\t\t\t<div class=\"elementor-widget-container\">\n\t\t\t\t\t\t\t<div class=\"elementor-icon-wrapper\">\n\t\t\t<div class=\"elementor-icon\">\n\t\t\t<i aria-hidden=\"true\" class=\"fas fa-history\"><\/i>\t\t\t<\/div>\n\t\t<\/div>\n\t\t\t\t\t\t<\/div>\n\t\t\t\t<\/div>\n\t\t\t\t<div class=\"elementor-element elementor-element-4a64b8b elementor-widget elementor-widget-heading\" data-id=\"4a64b8b\" data-element_type=\"widget\" data-widget_type=\"heading.default\">\n\t\t\t\t<div class=\"elementor-widget-container\">\n\t\t\t\t\t<h2 class=\"elementor-heading-title elementor-size-default\">Gr\u00fcndung : Nov. 1989<\/h2>\t\t\t\t<\/div>\n\t\t\t\t<\/div>\n\t\t\t\t<div class=\"elementor-element elementor-element-67557f9 elementor-widget elementor-widget-text-editor\" data-id=\"67557f9\" data-element_type=\"widget\" data-widget_type=\"text-editor.default\">\n\t\t\t\t<div class=\"elementor-widget-container\">\n\t\t\t\t\t\t\t\t\t<p>Ein Gemeinderat mit einem Altersdurchschnitt von ca. 70 Jahren und einem B\u00fcrgermeister, der 30 Jahre lang die Geschicke der Gemeinde leitete, sollte durch junge aktive B\u00fcrger eine Verj\u00fcngung erfahren. Nur auf diesem Wege w\u00e4re es m\u00f6glich die Herausforderungen der Zukunft nach den Interessen und Ideen der j\u00fcngeren Generation von Buttenheimer B\u00fcrgern <u>zu bew\u00e4ltigen und<\/u> zu gestalten.<\/p>\t\t\t\t\t\t\t\t<\/div>\n\t\t\t\t<\/div>\n\t\t\t\t<div class=\"elementor-element elementor-element-8960cb0 elementor-widget elementor-widget-heading\" data-id=\"8960cb0\" data-element_type=\"widget\" data-widget_type=\"heading.default\">\n\t\t\t\t<div class=\"elementor-widget-container\">\n\t\t\t\t\t<h2 class=\"elementor-heading-title elementor-size-default\">Wahl im M\u00e4rz 1990<\/h2>\t\t\t\t<\/div>\n\t\t\t\t<\/div>\n\t\t\t\t<div class=\"elementor-element elementor-element-6f46c98 elementor-widget elementor-widget-text-editor\" data-id=\"6f46c98\" data-element_type=\"widget\" data-widget_type=\"text-editor.default\">\n\t\t\t\t<div class=\"elementor-widget-container\">\n\t\t\t\t\t\t\t\t\t<p>Die Kandidatinnen und Kandidaten der \u201eNeuen W\u00e4hlergemeinschaft\u201c (NWG) stellten sich somit zum ersten Mal im<strong> M\u00e4rz 1990<\/strong> der Gemeinderatswahl. Desweiteren stellte sich Hans Kalb, NWG, zur Wahl des B\u00fcrgermeisters des Marktes Buttenheim.<\/p>\t\t\t\t\t\t\t\t<\/div>\n\t\t\t\t<\/div>\n\t\t\t\t<div class=\"elementor-element elementor-element-d760639 elementor-widget elementor-widget-heading\" data-id=\"d760639\" data-element_type=\"widget\" data-widget_type=\"heading.default\">\n\t\t\t\t<div class=\"elementor-widget-container\">\n\t\t\t\t\t<h2 class=\"elementor-heading-title elementor-size-default\">Das Wahlergebnis von 1990<\/h2>\t\t\t\t<\/div>\n\t\t\t\t<\/div>\n\t\t\t\t<div class=\"elementor-element elementor-element-95f5f07 elementor-widget elementor-widget-text-editor\" data-id=\"95f5f07\" data-element_type=\"widget\" data-widget_type=\"text-editor.default\">\n\t\t\t\t<div class=\"elementor-widget-container\">\n\t\t\t\t\t\t\t\t\t<ol><li>Hans Kalb, NWG, wurde mit 50,8 % im Alter von 30 Jahren zum ersten B\u00fcrgermeister gew\u00e4hlt.<\/li><li>In den Gemeinderat wurden aus der NWG folgende Kandidaten gew\u00e4hlt:<br \/>&#8211; Lorenz Schlund (730 g\u00fcltige Stimmen)<br \/>&#8211; Dr. Bertram Glabasnia (589 g\u00fcltige Stimmen)<br \/>&#8211; Margit Frank (587 g\u00fcltige Stimmen)<\/li><\/ol>\t\t\t\t\t\t\t\t<\/div>\n\t\t\t\t<\/div>\n\t\t\t\t<div class=\"elementor-element elementor-element-82136af elementor-widget elementor-widget-heading\" data-id=\"82136af\" data-element_type=\"widget\" data-widget_type=\"heading.default\">\n\t\t\t\t<div class=\"elementor-widget-container\">\n\t\t\t\t\t<h2 class=\"elementor-heading-title elementor-size-default\">NWG stellt B\u00fcrgermeister<\/h2>\t\t\t\t<\/div>\n\t\t\t\t<\/div>\n\t\t\t\t<div class=\"elementor-element elementor-element-1cea149 elementor-widget elementor-widget-text-editor\" data-id=\"1cea149\" data-element_type=\"widget\" data-widget_type=\"text-editor.default\">\n\t\t\t\t<div class=\"elementor-widget-container\">\n\t\t\t\t\t\t\t\t\t<p>Die Gemeindepolitik wurde mit dem neuen B\u00fcrgermeister und den drei neuen Gemeinder\u00e4ten entscheidend gepr\u00e4gt.<\/p><p>Wichtige Investitionen, die zu einer guten Entwicklung unserer Gemeinde f\u00fchren sollten, konnten sehr schnell umgesetzt werden.<\/p><p>Der Neubau des Kindergartens an der Seigendorfer Stra\u00dfe wurde, nach einer \u00f6ffentlichen Ausschreibung und einem Wettbewerb unter 5 Architekten, erstmals an das B\u00fcro Gatz vergeben.<\/p><p>Durch den vorherigen Grunderwerb vieler Grundst\u00fccke an der Autobahnzufahrt Buttenheim konnte ein Gewerbegebiet ausgewiesen werden. Dies erm\u00f6glichte unserer Gemeinde zum einen ein gro\u00dfes Entwicklungspotenzial und zum anderen neue Arbeitspl\u00e4tze. So wurde der Wandel von einer reinen Wohngemeinde zu einer Wohngemeinde mit ortsnahen Besch\u00e4ftigungsm\u00f6glichkeiten vollzogen.<\/p><p>Kurz nach Amtsantritt wurde die Idee eines 14-t\u00e4gig erscheinenden Gemeindeblattes zur Information der B\u00fcrger (nach Musterbl\u00e4ttern umliegender Gemeinden) verwirklicht.<\/p><p>Der gute Start des neuen Gemeinderates und die geplanten Investitionen wurden durch ein hohes Gemeindeverm\u00f6gen von ca. 9,5 Mio. DM und einem gro\u00dfen Bestand an Grundbesitz beg\u00fcnstigt. Dies war u.a. der sehr sparsamen Amtsf\u00fchrung des fr\u00fcheren B\u00fcrgermeisters Fritz Kauer zu verdanken. R\u00fcckblickend betrachtet wurde es uns dadurch etwas erleichtert, die Weichen einer guten zuk\u00fcnftigen Entwicklung zu stellen.<\/p>\t\t\t\t\t\t\t\t<\/div>\n\t\t\t\t<\/div>\n\t\t\t\t<div class=\"elementor-element elementor-element-8bd11a6 elementor-widget elementor-widget-heading\" data-id=\"8bd11a6\" data-element_type=\"widget\" data-widget_type=\"heading.default\">\n\t\t\t\t<div class=\"elementor-widget-container\">\n\t\t\t\t\t<h2 class=\"elementor-heading-title elementor-size-default\">Nachfolgende Wahlen zum Gemeinderat<\/h2>\t\t\t\t<\/div>\n\t\t\t\t<\/div>\n\t\t\t\t<div class=\"elementor-element elementor-element-494aaee elementor-widget elementor-widget-text-editor\" data-id=\"494aaee\" data-element_type=\"widget\" data-widget_type=\"text-editor.default\">\n\t\t\t\t<div class=\"elementor-widget-container\">\n\t\t\t\t\t\t\t\t\t<p>\u00a0<\/p><p>Auch in den nachfolgenden Wahlen zum Gemeinderat beteiligte sich die NWG immer wieder mit \u201ealten\u201c und \u201eneuen\u201c Mitgliedern der Interessensgemeinschaft mit einem Wahlvorschlag.<\/p>\t\t\t\t\t\t\t\t<\/div>\n\t\t\t\t<\/div>\n\t\t\t\t\t<\/div>\n\t\t<\/div>\n\t\t\t\t<div class=\"elementor-column elementor-col-50 elementor-top-column elementor-element elementor-element-efcd4eb\" data-id=\"efcd4eb\" data-element_type=\"column\">\n\t\t\t<div class=\"elementor-widget-wrap elementor-element-populated\">\n\t\t\t\t\t\t<div class=\"elementor-element elementor-element-f97069b elementor-widget elementor-widget-gallery\" data-id=\"f97069b\" data-element_type=\"widget\" data-settings=\"{&quot;columns&quot;:1,&quot;lazyload&quot;:&quot;yes&quot;,&quot;gallery_layout&quot;:&quot;grid&quot;,&quot;columns_tablet&quot;:2,&quot;columns_mobile&quot;:1,&quot;gap&quot;:{&quot;unit&quot;:&quot;px&quot;,&quot;size&quot;:10,&quot;sizes&quot;:[]},&quot;gap_tablet&quot;:{&quot;unit&quot;:&quot;px&quot;,&quot;size&quot;:10,&quot;sizes&quot;:[]},&quot;gap_mobile&quot;:{&quot;unit&quot;:&quot;px&quot;,&quot;size&quot;:10,&quot;sizes&quot;:[]},&quot;link_to&quot;:&quot;file&quot;,&quot;aspect_ratio&quot;:&quot;3:2&quot;,&quot;overlay_background&quot;:&quot;yes&quot;,&quot;content_hover_animation&quot;:&quot;fade-in&quot;}\" data-widget_type=\"gallery.default\">\n\t\t\t\t<div class=\"elementor-widget-container\">\n\t\t\t\t\t\t\t<div class=\"elementor-gallery__container\">\n\t\t\t\t\t\t\t<a class=\"e-gallery-item elementor-gallery-item elementor-animated-content\" href=\"https:\/\/nw-gemeinschaft.de\/wp-content\/uploads\/2020\/01\/chronik_1.png\" data-elementor-open-lightbox=\"yes\" data-elementor-lightbox-slideshow=\"f97069b\" data-elementor-lightbox-title=\"chronik_1\" data-e-action-hash=\"#elementor-action%3Aaction%3Dlightbox%26settings%3DeyJpZCI6MzAyLCJ1cmwiOiJodHRwczpcL1wvbnctZ2VtZWluc2NoYWZ0LmRlXC93cC1jb250ZW50XC91cGxvYWRzXC8yMDIwXC8wMVwvY2hyb25pa18xLnBuZyIsInNsaWRlc2hvdyI6ImY5NzA2OWIifQ%3D%3D\">\n\t\t\t\t\t<div class=\"e-gallery-image elementor-gallery-item__image\" data-thumbnail=\"https:\/\/nw-gemeinschaft.de\/wp-content\/uploads\/2020\/01\/chronik_1-225x300.png\" data-width=\"225\" data-height=\"300\" aria-label=\"\" role=\"img\" ><\/div>\n\t\t\t\t\t\t\t\t\t\t\t<div class=\"elementor-gallery-item__overlay\"><\/div>\n\t\t\t\t\t\t\t\t\t\t\t\t\t\t<\/a>\n\t\t\t\t\t\t\t<a class=\"e-gallery-item elementor-gallery-item elementor-animated-content\" href=\"https:\/\/nw-gemeinschaft.de\/wp-content\/uploads\/2020\/01\/chronik_4.png\" data-elementor-open-lightbox=\"yes\" data-elementor-lightbox-slideshow=\"f97069b\" data-elementor-lightbox-title=\"chronik_4\" data-e-action-hash=\"#elementor-action%3Aaction%3Dlightbox%26settings%3DeyJpZCI6MzAzLCJ1cmwiOiJodHRwczpcL1wvbnctZ2VtZWluc2NoYWZ0LmRlXC93cC1jb250ZW50XC91cGxvYWRzXC8yMDIwXC8wMVwvY2hyb25pa180LnBuZyIsInNsaWRlc2hvdyI6ImY5NzA2OWIifQ%3D%3D\">\n\t\t\t\t\t<div class=\"e-gallery-image elementor-gallery-item__image\" data-thumbnail=\"https:\/\/nw-gemeinschaft.de\/wp-content\/uploads\/2020\/01\/chronik_4-225x300.png\" data-width=\"225\" data-height=\"300\" aria-label=\"\" role=\"img\" ><\/div>\n\t\t\t\t\t\t\t\t\t\t\t<div class=\"elementor-gallery-item__overlay\"><\/div>\n\t\t\t\t\t\t\t\t\t\t\t\t\t\t<\/a>\n\t\t\t\t\t\t\t<a class=\"e-gallery-item elementor-gallery-item elementor-animated-content\" href=\"https:\/\/nw-gemeinschaft.de\/wp-content\/uploads\/2020\/01\/chronik_3.png\" data-elementor-open-lightbox=\"yes\" data-elementor-lightbox-slideshow=\"f97069b\" data-elementor-lightbox-title=\"chronik_3\" data-e-action-hash=\"#elementor-action%3Aaction%3Dlightbox%26settings%3DeyJpZCI6MzA0LCJ1cmwiOiJodHRwczpcL1wvbnctZ2VtZWluc2NoYWZ0LmRlXC93cC1jb250ZW50XC91cGxvYWRzXC8yMDIwXC8wMVwvY2hyb25pa18zLnBuZyIsInNsaWRlc2hvdyI6ImY5NzA2OWIifQ%3D%3D\">\n\t\t\t\t\t<div class=\"e-gallery-image elementor-gallery-item__image\" data-thumbnail=\"https:\/\/nw-gemeinschaft.de\/wp-content\/uploads\/2020\/01\/chronik_3-225x300.png\" data-width=\"225\" data-height=\"300\" aria-label=\"\" role=\"img\" ><\/div>\n\t\t\t\t\t\t\t\t\t\t\t<div class=\"elementor-gallery-item__overlay\"><\/div>\n\t\t\t\t\t\t\t\t\t\t\t\t\t\t<\/a>\n\t\t\t\t\t\t\t<a class=\"e-gallery-item elementor-gallery-item elementor-animated-content\" href=\"https:\/\/nw-gemeinschaft.de\/wp-content\/uploads\/2020\/01\/chronik_2.png\" data-elementor-open-lightbox=\"yes\" data-elementor-lightbox-slideshow=\"f97069b\" data-elementor-lightbox-title=\"chronik_2\" data-e-action-hash=\"#elementor-action%3Aaction%3Dlightbox%26settings%3DeyJpZCI6MzA1LCJ1cmwiOiJodHRwczpcL1wvbnctZ2VtZWluc2NoYWZ0LmRlXC93cC1jb250ZW50XC91cGxvYWRzXC8yMDIwXC8wMVwvY2hyb25pa18yLnBuZyIsInNsaWRlc2hvdyI6ImY5NzA2OWIifQ%3D%3D\">\n\t\t\t\t\t<div class=\"e-gallery-image elementor-gallery-item__image\" data-thumbnail=\"https:\/\/nw-gemeinschaft.de\/wp-content\/uploads\/2020\/01\/chronik_2-225x300.png\" data-width=\"225\" data-height=\"300\" aria-label=\"\" role=\"img\" ><\/div>\n\t\t\t\t\t\t\t\t\t\t\t<div class=\"elementor-gallery-item__overlay\"><\/div>\n\t\t\t\t\t\t\t\t\t\t\t\t\t\t<\/a>\n\t\t\t\t\t<\/div>\n\t\t\t\t\t<\/div>\n\t\t\t\t<\/div>\n\t\t\t\t<div class=\"elementor-element elementor-element-4822c0a elementor-widget elementor-widget-spacer\" data-id=\"4822c0a\" data-element_type=\"widget\" data-widget_type=\"spacer.default\">\n\t\t\t\t<div class=\"elementor-widget-container\">\n\t\t\t\t\t\t\t<div class=\"elementor-spacer\">\n\t\t\t<div class=\"elementor-spacer-inner\"><\/div>\n\t\t<\/div>\n\t\t\t\t\t\t<\/div>\n\t\t\t\t<\/div>\n\t\t\t\t\t<\/div>\n\t\t<\/div>\n\t\t\t\t\t<\/div>\n\t\t<\/section>\n\t\t\t\t<\/div>\n\t\t","protected":false},"excerpt":{"rendered":"<p>Wissenswertes Geschichte der NWG Gr\u00fcndung : Nov. 1989 Ein Gemeinderat mit einem Altersdurchschnitt von ca. 70 Jahren und einem B\u00fcrgermeister, der 30 Jahre lang die&hellip;<\/p>\n","protected":false},"author":1,"featured_media":0,"parent":0,"menu_order":0,"comment_status":"closed","ping_status":"closed","template":"","meta":{"footnotes":""},"class_list":["post-274","page","type-page","status-publish","hentry"],"yoast_head":"<!-- This site is optimized with the Yoast SEO plugin v26.3 - https:\/\/yoast.com\/wordpress\/plugins\/seo\/ -->\n<title>\u00dcber uns - Neue W\u00e4hler Gemeinschaft<\/title>\n<meta name=\"robots\" content=\"index, follow, max-snippet:-1, max-image-preview:large, max-video-preview:-1\" \/>\n<link rel=\"canonical\" href=\"https:\/\/nw-gemeinschaft.de\/?page_id=274\" \/>\n<meta property=\"og:locale\" content=\"de_DE\" \/>\n<meta property=\"og:type\" content=\"article\" \/>\n<meta property=\"og:title\" content=\"\u00dcber uns - Neue W\u00e4hler Gemeinschaft\" \/>\n<meta property=\"og:description\" content=\"Wissenswertes Geschichte der NWG Gr\u00fcndung : Nov. 1989 Ein Gemeinderat mit einem Altersdurchschnitt von ca. 70 Jahren und einem B\u00fcrgermeister, der 30 Jahre lang die&hellip;\" \/>\n<meta property=\"og:url\" content=\"https:\/\/nw-gemeinschaft.de\/?page_id=274\" \/>\n<meta property=\"og:site_name\" content=\"Neue W\u00e4hler Gemeinschaft\" \/>\n<meta property=\"article:modified_time\" content=\"2020-02-05T15:54:29+00:00\" \/>\n<meta property=\"og:image\" content=\"https:\/\/nw-gemeinschaft.de\/wp-content\/uploads\/2020\/02\/nwg-organg-ts2.png\" \/>\n\t<meta property=\"og:image:width\" content=\"371\" \/>\n\t<meta property=\"og:image:height\" content=\"231\" \/>\n\t<meta property=\"og:image:type\" content=\"image\/png\" \/>\n<meta name=\"twitter:card\" content=\"summary_large_image\" \/>\n<meta name=\"twitter:label1\" content=\"Gesch\u00e4tzte Lesezeit\" \/>\n\t<meta name=\"twitter:data1\" content=\"2\u00a0Minuten\" \/>\n<script type=\"application\/ld+json\" class=\"yoast-schema-graph\">{\"@context\":\"https:\/\/schema.org\",\"@graph\":[{\"@type\":\"WebPage\",\"@id\":\"https:\/\/nw-gemeinschaft.de\/?page_id=274\",\"url\":\"https:\/\/nw-gemeinschaft.de\/?page_id=274\",\"name\":\"\u00dcber uns - Neue W\u00e4hler Gemeinschaft\",\"isPartOf\":{\"@id\":\"https:\/\/nw-gemeinschaft.de\/#website\"},\"primaryImageOfPage\":{\"@id\":\"https:\/\/nw-gemeinschaft.de\/?page_id=274#primaryimage\"},\"image\":{\"@id\":\"https:\/\/nw-gemeinschaft.de\/?page_id=274#primaryimage\"},\"thumbnailUrl\":\"https:\/\/nw-gemeinschaft.de\/wp-content\/uploads\/2020\/02\/nwg-organg-ts2-300x187.png\",\"datePublished\":\"2020-01-15T07:14:06+00:00\",\"dateModified\":\"2020-02-05T15:54:29+00:00\",\"breadcrumb\":{\"@id\":\"https:\/\/nw-gemeinschaft.de\/?page_id=274#breadcrumb\"},\"inLanguage\":\"de\",\"potentialAction\":[{\"@type\":\"ReadAction\",\"target\":[\"https:\/\/nw-gemeinschaft.de\/?page_id=274\"]}]},{\"@type\":\"ImageObject\",\"inLanguage\":\"de\",\"@id\":\"https:\/\/nw-gemeinschaft.de\/?page_id=274#primaryimage\",\"url\":\"https:\/\/nw-gemeinschaft.de\/wp-content\/uploads\/2020\/02\/nwg-organg-ts2.png\",\"contentUrl\":\"https:\/\/nw-gemeinschaft.de\/wp-content\/uploads\/2020\/02\/nwg-organg-ts2.png\",\"width\":371,\"height\":231},{\"@type\":\"BreadcrumbList\",\"@id\":\"https:\/\/nw-gemeinschaft.de\/?page_id=274#breadcrumb\",\"itemListElement\":[{\"@type\":\"ListItem\",\"position\":1,\"name\":\"Startseite\",\"item\":\"https:\/\/nw-gemeinschaft.de\/\"},{\"@type\":\"ListItem\",\"position\":2,\"name\":\"\u00dcber uns\"}]},{\"@type\":\"WebSite\",\"@id\":\"https:\/\/nw-gemeinschaft.de\/#website\",\"url\":\"https:\/\/nw-gemeinschaft.de\/\",\"name\":\"Neue W\u00e4hler Gemeinschaft\",\"description\":\"Buttenheim - Neue Wege gehen\",\"publisher\":{\"@id\":\"https:\/\/nw-gemeinschaft.de\/#organization\"},\"potentialAction\":[{\"@type\":\"SearchAction\",\"target\":{\"@type\":\"EntryPoint\",\"urlTemplate\":\"https:\/\/nw-gemeinschaft.de\/?s={search_term_string}\"},\"query-input\":{\"@type\":\"PropertyValueSpecification\",\"valueRequired\":true,\"valueName\":\"search_term_string\"}}],\"inLanguage\":\"de\"},{\"@type\":\"Organization\",\"@id\":\"https:\/\/nw-gemeinschaft.de\/#organization\",\"name\":\"Neue W\u00e4hler Gemeinschaft\",\"url\":\"https:\/\/nw-gemeinschaft.de\/\",\"logo\":{\"@type\":\"ImageObject\",\"inLanguage\":\"de\",\"@id\":\"https:\/\/nw-gemeinschaft.de\/#\/schema\/logo\/image\/\",\"url\":\"https:\/\/nw-gemeinschaft.de\/wp-content\/uploads\/2020\/02\/nwg-organg-ts2-rightmore.png\",\"contentUrl\":\"https:\/\/nw-gemeinschaft.de\/wp-content\/uploads\/2020\/02\/nwg-organg-ts2-rightmore.png\",\"width\":396,\"height\":231,\"caption\":\"Neue W\u00e4hler Gemeinschaft\"},\"image\":{\"@id\":\"https:\/\/nw-gemeinschaft.de\/#\/schema\/logo\/image\/\"}}]}<\/script>\n<!-- \/ Yoast SEO plugin. -->","yoast_head_json":{"title":"\u00dcber uns - Neue W\u00e4hler Gemeinschaft","robots":{"index":"index","follow":"follow","max-snippet":"max-snippet:-1","max-image-preview":"max-image-preview:large","max-video-preview":"max-video-preview:-1"},"canonical":"https:\/\/nw-gemeinschaft.de\/?page_id=274","og_locale":"de_DE","og_type":"article","og_title":"\u00dcber uns - Neue W\u00e4hler Gemeinschaft","og_description":"Wissenswertes Geschichte der NWG Gr\u00fcndung : Nov. 1989 Ein Gemeinderat mit einem Altersdurchschnitt von ca. 70 Jahren und einem B\u00fcrgermeister, der 30 Jahre lang die&hellip;","og_url":"https:\/\/nw-gemeinschaft.de\/?page_id=274","og_site_name":"Neue W\u00e4hler Gemeinschaft","article_modified_time":"2020-02-05T15:54:29+00:00","og_image":[{"width":371,"height":231,"url":"https:\/\/nw-gemeinschaft.de\/wp-content\/uploads\/2020\/02\/nwg-organg-ts2.png","type":"image\/png"}],"twitter_card":"summary_large_image","twitter_misc":{"Gesch\u00e4tzte Lesezeit":"2\u00a0Minuten"},"schema":{"@context":"https:\/\/schema.org","@graph":[{"@type":"WebPage","@id":"https:\/\/nw-gemeinschaft.de\/?page_id=274","url":"https:\/\/nw-gemeinschaft.de\/?page_id=274","name":"\u00dcber uns - Neue W\u00e4hler Gemeinschaft","isPartOf":{"@id":"https:\/\/nw-gemeinschaft.de\/#website"},"primaryImageOfPage":{"@id":"https:\/\/nw-gemeinschaft.de\/?page_id=274#primaryimage"},"image":{"@id":"https:\/\/nw-gemeinschaft.de\/?page_id=274#primaryimage"},"thumbnailUrl":"https:\/\/nw-gemeinschaft.de\/wp-content\/uploads\/2020\/02\/nwg-organg-ts2-300x187.png","datePublished":"2020-01-15T07:14:06+00:00","dateModified":"2020-02-05T15:54:29+00:00","breadcrumb":{"@id":"https:\/\/nw-gemeinschaft.de\/?page_id=274#breadcrumb"},"inLanguage":"de","potentialAction":[{"@type":"ReadAction","target":["https:\/\/nw-gemeinschaft.de\/?page_id=274"]}]},{"@type":"ImageObject","inLanguage":"de","@id":"https:\/\/nw-gemeinschaft.de\/?page_id=274#primaryimage","url":"https:\/\/nw-gemeinschaft.de\/wp-content\/uploads\/2020\/02\/nwg-organg-ts2.png","contentUrl":"https:\/\/nw-gemeinschaft.de\/wp-content\/uploads\/2020\/02\/nwg-organg-ts2.png","width":371,"height":231},{"@type":"BreadcrumbList","@id":"https:\/\/nw-gemeinschaft.de\/?page_id=274#breadcrumb","itemListElement":[{"@type":"ListItem","position":1,"name":"Startseite","item":"https:\/\/nw-gemeinschaft.de\/"},{"@type":"ListItem","position":2,"name":"\u00dcber uns"}]},{"@type":"WebSite","@id":"https:\/\/nw-gemeinschaft.de\/#website","url":"https:\/\/nw-gemeinschaft.de\/","name":"Neue W\u00e4hler Gemeinschaft","description":"Buttenheim - Neue Wege gehen","publisher":{"@id":"https:\/\/nw-gemeinschaft.de\/#organization"},"potentialAction":[{"@type":"SearchAction","target":{"@type":"EntryPoint","urlTemplate":"https:\/\/nw-gemeinschaft.de\/?s={search_term_string}"},"query-input":{"@type":"PropertyValueSpecification","valueRequired":true,"valueName":"search_term_string"}}],"inLanguage":"de"},{"@type":"Organization","@id":"https:\/\/nw-gemeinschaft.de\/#organization","name":"Neue W\u00e4hler Gemeinschaft","url":"https:\/\/nw-gemeinschaft.de\/","logo":{"@type":"ImageObject","inLanguage":"de","@id":"https:\/\/nw-gemeinschaft.de\/#\/schema\/logo\/image\/","url":"https:\/\/nw-gemeinschaft.de\/wp-content\/uploads\/2020\/02\/nwg-organg-ts2-rightmore.png","contentUrl":"https:\/\/nw-gemeinschaft.de\/wp-content\/uploads\/2020\/02\/nwg-organg-ts2-rightmore.png","width":396,"height":231,"caption":"Neue W\u00e4hler Gemeinschaft"},"image":{"@id":"https:\/\/nw-gemeinschaft.de\/#\/schema\/logo\/image\/"}}]}},"_links":{"self":[{"href":"https:\/\/nw-gemeinschaft.de\/index.php?rest_route=\/wp\/v2\/pages\/274","targetHints":{"allow":["GET"]}}],"collection":[{"href":"https:\/\/nw-gemeinschaft.de\/index.php?rest_route=\/wp\/v2\/pages"}],"about":[{"href":"https:\/\/nw-gemeinschaft.de\/index.php?rest_route=\/wp\/v2\/types\/page"}],"author":[{"embeddable":true,"href":"https:\/\/nw-gemeinschaft.de\/index.php?rest_route=\/wp\/v2\/users\/1"}],"replies":[{"embeddable":true,"href":"https:\/\/nw-gemeinschaft.de\/index.php?rest_route=%2Fwp%2Fv2%2Fcomments&post=274"}],"version-history":[{"count":14,"href":"https:\/\/nw-gemeinschaft.de\/index.php?rest_route=\/wp\/v2\/pages\/274\/revisions"}],"predecessor-version":[{"id":501,"href":"https:\/\/nw-gemeinschaft.de\/index.php?rest_route=\/wp\/v2\/pages\/274\/revisions\/501"}],"wp:attachment":[{"href":"https:\/\/nw-gemeinschaft.de\/index.php?rest_route=%2Fwp%2Fv2%2Fmedia&parent=274"}],"curies":[{"name":"wp","href":"https:\/\/api.w.org\/{rel}","templated":true}]}}