{"id":139,"date":"2019-06-19T14:30:36","date_gmt":"2019-06-19T14:30:36","guid":{"rendered":"https:\/\/demos.attesawp.com\/minimal\/?page_id=78"},"modified":"2025-11-07T19:48:35","modified_gmt":"2025-11-07T19:48:35","slug":"contact","status":"publish","type":"page","link":"https:\/\/nw-gemeinschaft.de\/?page_id=139","title":{"rendered":"Kontakt"},"content":{"rendered":"\t\t<div data-elementor-type=\"wp-post\" data-elementor-id=\"139\" class=\"elementor elementor-139\" data-elementor-post-type=\"page\">\n\t\t\t\t\t\t<section class=\"elementor-section elementor-top-section elementor-element elementor-element-c4cf785 elementor-section-boxed elementor-section-height-default elementor-section-height-default\" data-id=\"c4cf785\" data-element_type=\"section\">\n\t\t\t\t\t\t<div class=\"elementor-container elementor-column-gap-default\">\n\t\t\t\t\t<div class=\"elementor-column elementor-col-100 elementor-top-column elementor-element elementor-element-56e7d98\" data-id=\"56e7d98\" data-element_type=\"column\">\n\t\t\t<div class=\"elementor-widget-wrap elementor-element-populated\">\n\t\t\t\t\t\t<div class=\"elementor-element elementor-element-4539fa6 elementor-widget elementor-widget-heading\" data-id=\"4539fa6\" data-element_type=\"widget\" data-widget_type=\"heading.default\">\n\t\t\t\t<div class=\"elementor-widget-container\">\n\t\t\t\t\t<h2 class=\"elementor-heading-title elementor-size-default\">Lass uns ins Gespr\u00e4ch kommen!<\/h2>\t\t\t\t<\/div>\n\t\t\t\t<\/div>\n\t\t\t\t<div class=\"elementor-element elementor-element-af87685 elementor-widget elementor-widget-attesa-extra-divider\" data-id=\"af87685\" data-element_type=\"widget\" data-widget_type=\"attesa-extra-divider.default\">\n\t\t\t\t<div class=\"elementor-widget-container\">\n\t\t\t\t\t\t\t<div class=\"attesa-extra-divider-wrap position_center\">\r\n\t\t\t<div class=\"attesa-extra-divider attesa-divider-before\"><\/div>\r\n\t\t\t\t\t\t\t<div class=\"attesa-divider-middle\"><i class=\"fa fa-envelope-o\"><\/i><\/div>\r\n\t\t\t\t\t\t<div class=\"attesa-extra-divider attesa-divider-after\"><\/div>\r\n\t\t<\/div>\r\n\t\t\t\t\t\t<\/div>\n\t\t\t\t<\/div>\n\t\t\t\t<section class=\"elementor-section elementor-inner-section elementor-element elementor-element-b5d36c4 elementor-section-boxed elementor-section-height-default elementor-section-height-default\" data-id=\"b5d36c4\" data-element_type=\"section\">\n\t\t\t\t\t\t<div class=\"elementor-container elementor-column-gap-wider\">\n\t\t\t\t\t<div class=\"elementor-column elementor-col-50 elementor-inner-column elementor-element elementor-element-5724ae4\" data-id=\"5724ae4\" data-element_type=\"column\">\n\t\t\t<div class=\"elementor-widget-wrap elementor-element-populated\">\n\t\t\t\t\t\t<div class=\"elementor-element elementor-element-0ce56f3 elementor-widget elementor-widget-heading\" data-id=\"0ce56f3\" data-element_type=\"widget\" data-widget_type=\"heading.default\">\n\t\t\t\t<div class=\"elementor-widget-container\">\n\t\t\t\t\t<h2 class=\"elementor-heading-title elementor-size-default\">Was bewegt dich in unserer Gemeinde?<\/h2>\t\t\t\t<\/div>\n\t\t\t\t<\/div>\n\t\t\t\t<div class=\"elementor-element elementor-element-f72fffd elementor-widget elementor-widget-text-editor\" data-id=\"f72fffd\" data-element_type=\"widget\" data-widget_type=\"text-editor.default\">\n\t\t\t\t<div class=\"elementor-widget-container\">\n\t\t\t\t\t\t\t\t\t<p data-start=\"235\" data-end=\"471\">Du hast eine Idee, eine Frage oder ein Anliegen? Schreib uns \u00fcber das Formular unten.<br data-start=\"394\" data-end=\"397\" \/>Je konkreter du dein Thema beschreibst, desto schneller k\u00f6nnen wir helfen.<\/p><p data-start=\"473\" data-end=\"541\"><strong data-start=\"473\" data-end=\"502\">So geht\u2019s am schnellsten:<\/strong><br data-start=\"502\" data-end=\"505\" \/>Nachricht tippen, absenden \u2013 fertig.<\/p><p data-start=\"543\" data-end=\"630\">Wir freuen uns auf deine Nachricht und darauf, was dir wichtig ist!<br data-start=\"610\" data-end=\"613\" \/><strong data-start=\"613\" data-end=\"630\">Dein NWG-Team<\/strong><\/p>\t\t\t\t\t\t\t\t<\/div>\n\t\t\t\t<\/div>\n\t\t\t\t\t<\/div>\n\t\t<\/div>\n\t\t\t\t<div class=\"elementor-column elementor-col-50 elementor-inner-column elementor-element elementor-element-222c7b8\" data-id=\"222c7b8\" data-element_type=\"column\">\n\t\t\t<div class=\"elementor-widget-wrap elementor-element-populated\">\n\t\t\t\t\t\t<div class=\"elementor-element elementor-element-1351c55 elementor-widget elementor-widget-shortcode\" data-id=\"1351c55\" data-element_type=\"widget\" data-widget_type=\"shortcode.default\">\n\t\t\t\t<div class=\"elementor-widget-container\">\n\t\t\t\t\t\t\t<div class=\"elementor-shortcode\">\n<div class=\"wpcf7 no-js\" id=\"wpcf7-f390-o1\" lang=\"de-DE\" dir=\"ltr\" data-wpcf7-id=\"390\">\n<div class=\"screen-reader-response\"><p role=\"status\" aria-live=\"polite\" aria-atomic=\"true\"><\/p> <ul><\/ul><\/div>\n<form action=\"\/index.php?rest_route=%2Fwp%2Fv2%2Fpages%2F139#wpcf7-f390-o1\" method=\"post\" class=\"wpcf7-form init\" aria-label=\"Kontaktformular\" novalidate=\"novalidate\" data-status=\"init\">\n<fieldset class=\"hidden-fields-container\"><input type=\"hidden\" name=\"_wpcf7\" value=\"390\" \/><input type=\"hidden\" name=\"_wpcf7_version\" value=\"6.1.3\" \/><input type=\"hidden\" name=\"_wpcf7_locale\" value=\"de_DE\" \/><input type=\"hidden\" name=\"_wpcf7_unit_tag\" value=\"wpcf7-f390-o1\" \/><input type=\"hidden\" name=\"_wpcf7_container_post\" value=\"0\" \/><input type=\"hidden\" name=\"_wpcf7_posted_data_hash\" value=\"\" \/><input type=\"hidden\" name=\"_wpcf7_recaptcha_response\" value=\"\" \/>\n<\/fieldset>\n<p><label> Dein Name (Pflichtfeld)<br \/>\n<span class=\"wpcf7-form-control-wrap\" data-name=\"your-name\"><input size=\"40\" maxlength=\"400\" class=\"wpcf7-form-control wpcf7-text wpcf7-validates-as-required\" aria-required=\"true\" aria-invalid=\"false\" value=\"\" type=\"text\" name=\"your-name\" \/><\/span> <\/label>\n<\/p>\n<p><label> Deine E-Mail-Adresse (Pflichtfeld)<br \/>\n<span class=\"wpcf7-form-control-wrap\" data-name=\"your-email\"><input size=\"40\" maxlength=\"400\" class=\"wpcf7-form-control wpcf7-email wpcf7-validates-as-required wpcf7-text wpcf7-validates-as-email\" aria-required=\"true\" aria-invalid=\"false\" value=\"\" type=\"email\" name=\"your-email\" \/><\/span> <\/label>\n<\/p>\n<p><label> Betreff<br \/>\n<span class=\"wpcf7-form-control-wrap\" data-name=\"your-subject\"><input size=\"40\" maxlength=\"400\" class=\"wpcf7-form-control wpcf7-text\" aria-invalid=\"false\" value=\"\" type=\"text\" name=\"your-subject\" \/><\/span> <\/label>\n<\/p>\n<p><label> Deine Nachricht<br \/>\n<span class=\"wpcf7-form-control-wrap\" data-name=\"your-message\"><textarea cols=\"40\" rows=\"10\" maxlength=\"2000\" class=\"wpcf7-form-control wpcf7-textarea\" aria-invalid=\"false\" name=\"your-message\"><\/textarea><\/span> <\/label>\n<\/p>\n<p><input class=\"wpcf7-form-control wpcf7-submit has-spinner\" type=\"submit\" value=\"Senden\" \/>\n<\/p><div class=\"wpcf7-response-output\" aria-hidden=\"true\"><\/div>\n<\/form>\n<\/div>\n<\/div>\n\t\t\t\t\t\t<\/div>\n\t\t\t\t<\/div>\n\t\t\t\t\t<\/div>\n\t\t<\/div>\n\t\t\t\t\t<\/div>\n\t\t<\/section>\n\t\t\t\t\t<\/div>\n\t\t<\/div>\n\t\t\t\t\t<\/div>\n\t\t<\/section>\n\t\t\t\t<\/div>\n\t\t","protected":false},"excerpt":{"rendered":"<p>Lass uns ins Gespr\u00e4ch kommen! Was bewegt dich in unserer Gemeinde? Du hast eine Idee, eine Frage oder ein Anliegen? Schreib uns \u00fcber das Formular&hellip;<\/p>\n","protected":false},"author":1,"featured_media":0,"parent":0,"menu_order":0,"comment_status":"closed","ping_status":"closed","template":"","meta":{"footnotes":""},"class_list":["post-139","page","type-page","status-publish","hentry"],"yoast_head":"<!-- This site is optimized with the Yoast SEO plugin v26.3 - https:\/\/yoast.com\/wordpress\/plugins\/seo\/ -->\n<title>Kontakt - Neue W\u00e4hler Gemeinschaft<\/title>\n<meta name=\"robots\" content=\"index, follow, max-snippet:-1, max-image-preview:large, max-video-preview:-1\" \/>\n<link rel=\"canonical\" href=\"https:\/\/nw-gemeinschaft.de\/?page_id=139\" \/>\n<meta property=\"og:locale\" content=\"de_DE\" \/>\n<meta property=\"og:type\" content=\"article\" \/>\n<meta property=\"og:title\" content=\"Kontakt - Neue W\u00e4hler Gemeinschaft\" \/>\n<meta property=\"og:description\" content=\"Lass uns ins Gespr\u00e4ch kommen! Was bewegt dich in unserer Gemeinde? Du hast eine Idee, eine Frage oder ein Anliegen? Schreib uns \u00fcber das Formular&hellip;\" \/>\n<meta property=\"og:url\" content=\"https:\/\/nw-gemeinschaft.de\/?page_id=139\" \/>\n<meta property=\"og:site_name\" content=\"Neue W\u00e4hler Gemeinschaft\" \/>\n<meta property=\"article:modified_time\" content=\"2025-11-07T19:48:35+00:00\" \/>\n<meta name=\"twitter:card\" content=\"summary_large_image\" \/>\n<meta name=\"twitter:label1\" content=\"Gesch\u00e4tzte Lesezeit\" \/>\n\t<meta name=\"twitter:data1\" content=\"1\u00a0Minute\" \/>\n<script type=\"application\/ld+json\" class=\"yoast-schema-graph\">{\"@context\":\"https:\/\/schema.org\",\"@graph\":[{\"@type\":\"WebPage\",\"@id\":\"https:\/\/nw-gemeinschaft.de\/?page_id=139\",\"url\":\"https:\/\/nw-gemeinschaft.de\/?page_id=139\",\"name\":\"Kontakt - Neue W\u00e4hler Gemeinschaft\",\"isPartOf\":{\"@id\":\"https:\/\/nw-gemeinschaft.de\/#website\"},\"datePublished\":\"2019-06-19T14:30:36+00:00\",\"dateModified\":\"2025-11-07T19:48:35+00:00\",\"breadcrumb\":{\"@id\":\"https:\/\/nw-gemeinschaft.de\/?page_id=139#breadcrumb\"},\"inLanguage\":\"de\",\"potentialAction\":[{\"@type\":\"ReadAction\",\"target\":[\"https:\/\/nw-gemeinschaft.de\/?page_id=139\"]}]},{\"@type\":\"BreadcrumbList\",\"@id\":\"https:\/\/nw-gemeinschaft.de\/?page_id=139#breadcrumb\",\"itemListElement\":[{\"@type\":\"ListItem\",\"position\":1,\"name\":\"Startseite\",\"item\":\"https:\/\/nw-gemeinschaft.de\/\"},{\"@type\":\"ListItem\",\"position\":2,\"name\":\"Kontakt\"}]},{\"@type\":\"WebSite\",\"@id\":\"https:\/\/nw-gemeinschaft.de\/#website\",\"url\":\"https:\/\/nw-gemeinschaft.de\/\",\"name\":\"Neue W\u00e4hler Gemeinschaft\",\"description\":\"Buttenheim - Neue Wege gehen\",\"publisher\":{\"@id\":\"https:\/\/nw-gemeinschaft.de\/#organization\"},\"potentialAction\":[{\"@type\":\"SearchAction\",\"target\":{\"@type\":\"EntryPoint\",\"urlTemplate\":\"https:\/\/nw-gemeinschaft.de\/?s={search_term_string}\"},\"query-input\":{\"@type\":\"PropertyValueSpecification\",\"valueRequired\":true,\"valueName\":\"search_term_string\"}}],\"inLanguage\":\"de\"},{\"@type\":\"Organization\",\"@id\":\"https:\/\/nw-gemeinschaft.de\/#organization\",\"name\":\"Neue W\u00e4hler Gemeinschaft\",\"url\":\"https:\/\/nw-gemeinschaft.de\/\",\"logo\":{\"@type\":\"ImageObject\",\"inLanguage\":\"de\",\"@id\":\"https:\/\/nw-gemeinschaft.de\/#\/schema\/logo\/image\/\",\"url\":\"https:\/\/nw-gemeinschaft.de\/wp-content\/uploads\/2020\/02\/nwg-organg-ts2-rightmore.png\",\"contentUrl\":\"https:\/\/nw-gemeinschaft.de\/wp-content\/uploads\/2020\/02\/nwg-organg-ts2-rightmore.png\",\"width\":396,\"height\":231,\"caption\":\"Neue W\u00e4hler Gemeinschaft\"},\"image\":{\"@id\":\"https:\/\/nw-gemeinschaft.de\/#\/schema\/logo\/image\/\"}}]}<\/script>\n<!-- \/ Yoast SEO plugin. -->","yoast_head_json":{"title":"Kontakt - Neue W\u00e4hler Gemeinschaft","robots":{"index":"index","follow":"follow","max-snippet":"max-snippet:-1","max-image-preview":"max-image-preview:large","max-video-preview":"max-video-preview:-1"},"canonical":"https:\/\/nw-gemeinschaft.de\/?page_id=139","og_locale":"de_DE","og_type":"article","og_title":"Kontakt - Neue W\u00e4hler Gemeinschaft","og_description":"Lass uns ins Gespr\u00e4ch kommen! Was bewegt dich in unserer Gemeinde? Du hast eine Idee, eine Frage oder ein Anliegen? Schreib uns \u00fcber das Formular&hellip;","og_url":"https:\/\/nw-gemeinschaft.de\/?page_id=139","og_site_name":"Neue W\u00e4hler Gemeinschaft","article_modified_time":"2025-11-07T19:48:35+00:00","twitter_card":"summary_large_image","twitter_misc":{"Gesch\u00e4tzte Lesezeit":"1\u00a0Minute"},"schema":{"@context":"https:\/\/schema.org","@graph":[{"@type":"WebPage","@id":"https:\/\/nw-gemeinschaft.de\/?page_id=139","url":"https:\/\/nw-gemeinschaft.de\/?page_id=139","name":"Kontakt - Neue W\u00e4hler Gemeinschaft","isPartOf":{"@id":"https:\/\/nw-gemeinschaft.de\/#website"},"datePublished":"2019-06-19T14:30:36+00:00","dateModified":"2025-11-07T19:48:35+00:00","breadcrumb":{"@id":"https:\/\/nw-gemeinschaft.de\/?page_id=139#breadcrumb"},"inLanguage":"de","potentialAction":[{"@type":"ReadAction","target":["https:\/\/nw-gemeinschaft.de\/?page_id=139"]}]},{"@type":"BreadcrumbList","@id":"https:\/\/nw-gemeinschaft.de\/?page_id=139#breadcrumb","itemListElement":[{"@type":"ListItem","position":1,"name":"Startseite","item":"https:\/\/nw-gemeinschaft.de\/"},{"@type":"ListItem","position":2,"name":"Kontakt"}]},{"@type":"WebSite","@id":"https:\/\/nw-gemeinschaft.de\/#website","url":"https:\/\/nw-gemeinschaft.de\/","name":"Neue W\u00e4hler Gemeinschaft","description":"Buttenheim - Neue Wege gehen","publisher":{"@id":"https:\/\/nw-gemeinschaft.de\/#organization"},"potentialAction":[{"@type":"SearchAction","target":{"@type":"EntryPoint","urlTemplate":"https:\/\/nw-gemeinschaft.de\/?s={search_term_string}"},"query-input":{"@type":"PropertyValueSpecification","valueRequired":true,"valueName":"search_term_string"}}],"inLanguage":"de"},{"@type":"Organization","@id":"https:\/\/nw-gemeinschaft.de\/#organization","name":"Neue W\u00e4hler Gemeinschaft","url":"https:\/\/nw-gemeinschaft.de\/","logo":{"@type":"ImageObject","inLanguage":"de","@id":"https:\/\/nw-gemeinschaft.de\/#\/schema\/logo\/image\/","url":"https:\/\/nw-gemeinschaft.de\/wp-content\/uploads\/2020\/02\/nwg-organg-ts2-rightmore.png","contentUrl":"https:\/\/nw-gemeinschaft.de\/wp-content\/uploads\/2020\/02\/nwg-organg-ts2-rightmore.png","width":396,"height":231,"caption":"Neue W\u00e4hler Gemeinschaft"},"image":{"@id":"https:\/\/nw-gemeinschaft.de\/#\/schema\/logo\/image\/"}}]}},"_links":{"self":[{"href":"https:\/\/nw-gemeinschaft.de\/index.php?rest_route=\/wp\/v2\/pages\/139","targetHints":{"allow":["GET"]}}],"collection":[{"href":"https:\/\/nw-gemeinschaft.de\/index.php?rest_route=\/wp\/v2\/pages"}],"about":[{"href":"https:\/\/nw-gemeinschaft.de\/index.php?rest_route=\/wp\/v2\/types\/page"}],"author":[{"embeddable":true,"href":"https:\/\/nw-gemeinschaft.de\/index.php?rest_route=\/wp\/v2\/users\/1"}],"replies":[{"embeddable":true,"href":"https:\/\/nw-gemeinschaft.de\/index.php?rest_route=%2Fwp%2Fv2%2Fcomments&post=139"}],"version-history":[{"count":20,"href":"https:\/\/nw-gemeinschaft.de\/index.php?rest_route=\/wp\/v2\/pages\/139\/revisions"}],"predecessor-version":[{"id":718,"href":"https:\/\/nw-gemeinschaft.de\/index.php?rest_route=\/wp\/v2\/pages\/139\/revisions\/718"}],"wp:attachment":[{"href":"https:\/\/nw-gemeinschaft.de\/index.php?rest_route=%2Fwp%2Fv2%2Fmedia&parent=139"}],"curies":[{"name":"wp","href":"https:\/\/api.w.org\/{rel}","templated":true}]}}